{"id":491,"date":"2019-06-18T15:59:56","date_gmt":"2019-06-18T15:59:56","guid":{"rendered":"https:\/\/sensexx.mx\/tienda\/?post_type=product&#038;p=491"},"modified":"2019-06-18T15:59:56","modified_gmt":"2019-06-18T15:59:56","slug":"fetish-fantasy-series-first-timers-strap-on-set-purple","status":"publish","type":"product","link":"https:\/\/sensexx.mx\/tienda\/producto\/fetish-fantasy-series-first-timers-strap-on-set-purple\/","title":{"rendered":"FETISH FANTASY SERIES FIRST TIMERS STRAP-ON SET \u2013 PURPLE"},"content":{"rendered":"<p>First Timers Strap On, arn\u00e9s perfecto para principiantes ya que tanto la sujeci\u00f3n del juguete como el tama\u00f1o y el grosor del dildo lo hace sumamente c\u00f3modo y excitante, adem\u00e1s el dildo es desmontable por lo que le podr\u00e1s ir acoplando al arn\u00e9s m\u00e1s consoladores de diferentes tama\u00f1os y grosores. Facilita penetraci\u00f3n anal o vaginal.<\/p>\n<ul>\n<li>Arn\u00e9s tipo suspensorio que se ajusta a cintura y muslos.<\/li>\n<li>Medidas del dildo: 14cm x 3.3cm<\/li>\n<li>Material del dildo:\u00a0\u00a0PVC libre de ftalatos.<\/li>\n<\/ul>\n","protected":false},"excerpt":{"rendered":"<p>Arn\u00e9s ajustable con dildo de tama\u00f1o discreto.<\/p>\n<p><iframe src=\"https:\/\/www.pipedreamproducts.com\/\/video_player_23b.php?video_number=0000002382\"><\/iframe><\/p>\n<div class=\"woocommerce-product-details__short-description\">\n<p>&nbsp;<\/p>\n<\/div>\n","protected":false},"featured_media":492,"comment_status":"open","ping_status":"closed","template":"","meta":[],"product_brand":[],"product_cat":[27],"product_tag":[39],"class_list":{"0":"post-491","1":"product","2":"type-product","3":"status-publish","4":"has-post-thumbnail","6":"product_cat-arneses-strap-on","7":"product_tag-pipedream-products","9":"first","10":"instock","11":"shipping-taxable","12":"purchasable","13":"product-type-simple"},"yoast_head":"<!-- This site is optimized with the Yoast SEO plugin v25.0 - https:\/\/yoast.com\/wordpress\/plugins\/seo\/ -->\n<title>FETISH FANTASY SERIES FIRST TIMERS STRAP-ON SET \u2013 PURPLE - Sensexx<\/title>\n<meta name=\"robots\" content=\"index, follow, max-snippet:-1, max-image-preview:large, max-video-preview:-1\" \/>\n<link rel=\"canonical\" href=\"https:\/\/sensexx.mx\/tienda\/producto\/fetish-fantasy-series-first-timers-strap-on-set-purple\/\" \/>\n<meta property=\"og:locale\" content=\"es_ES\" \/>\n<meta property=\"og:type\" content=\"article\" \/>\n<meta property=\"og:title\" content=\"FETISH FANTASY SERIES FIRST TIMERS STRAP-ON SET \u2013 PURPLE - Sensexx\" \/>\n<meta property=\"og:description\" content=\"Arn\u00e9s ajustable con dildo de tama\u00f1o discreto.     &nbsp;\" \/>\n<meta property=\"og:url\" content=\"https:\/\/sensexx.mx\/tienda\/producto\/fetish-fantasy-series-first-timers-strap-on-set-purple\/\" \/>\n<meta property=\"og:site_name\" content=\"Sensexx\" \/>\n<meta property=\"og:image\" content=\"https:\/\/sensexx.mx\/tienda\/wp-content\/uploads\/2019\/06\/pd2197-12.jpg\" \/>\n\t<meta property=\"og:image:width\" content=\"1487\" \/>\n\t<meta property=\"og:image:height\" content=\"2800\" \/>\n\t<meta property=\"og:image:type\" content=\"image\/jpeg\" \/>\n<meta name=\"twitter:card\" content=\"summary_large_image\" \/>\n<script type=\"application\/ld+json\" class=\"yoast-schema-graph\">{\"@context\":\"https:\/\/schema.org\",\"@graph\":[{\"@type\":\"WebPage\",\"@id\":\"https:\/\/sensexx.mx\/tienda\/producto\/fetish-fantasy-series-first-timers-strap-on-set-purple\/\",\"url\":\"https:\/\/sensexx.mx\/tienda\/producto\/fetish-fantasy-series-first-timers-strap-on-set-purple\/\",\"name\":\"FETISH FANTASY SERIES FIRST TIMERS STRAP-ON SET \u2013 PURPLE - Sensexx\",\"isPartOf\":{\"@id\":\"https:\/\/sensexx.mx\/tienda\/#website\"},\"primaryImageOfPage\":{\"@id\":\"https:\/\/sensexx.mx\/tienda\/producto\/fetish-fantasy-series-first-timers-strap-on-set-purple\/#primaryimage\"},\"image\":{\"@id\":\"https:\/\/sensexx.mx\/tienda\/producto\/fetish-fantasy-series-first-timers-strap-on-set-purple\/#primaryimage\"},\"thumbnailUrl\":\"https:\/\/sensexx.mx\/tienda\/wp-content\/uploads\/2019\/06\/pd2197-12.jpg\",\"datePublished\":\"2019-06-18T15:59:56+00:00\",\"breadcrumb\":{\"@id\":\"https:\/\/sensexx.mx\/tienda\/producto\/fetish-fantasy-series-first-timers-strap-on-set-purple\/#breadcrumb\"},\"inLanguage\":\"es\",\"potentialAction\":[{\"@type\":\"ReadAction\",\"target\":[\"https:\/\/sensexx.mx\/tienda\/producto\/fetish-fantasy-series-first-timers-strap-on-set-purple\/\"]}]},{\"@type\":\"ImageObject\",\"inLanguage\":\"es\",\"@id\":\"https:\/\/sensexx.mx\/tienda\/producto\/fetish-fantasy-series-first-timers-strap-on-set-purple\/#primaryimage\",\"url\":\"https:\/\/sensexx.mx\/tienda\/wp-content\/uploads\/2019\/06\/pd2197-12.jpg\",\"contentUrl\":\"https:\/\/sensexx.mx\/tienda\/wp-content\/uploads\/2019\/06\/pd2197-12.jpg\",\"width\":1487,\"height\":2800},{\"@type\":\"BreadcrumbList\",\"@id\":\"https:\/\/sensexx.mx\/tienda\/producto\/fetish-fantasy-series-first-timers-strap-on-set-purple\/#breadcrumb\",\"itemListElement\":[{\"@type\":\"ListItem\",\"position\":1,\"name\":\"Portada\",\"item\":\"https:\/\/sensexx.mx\/tienda\/\"},{\"@type\":\"ListItem\",\"position\":2,\"name\":\"Tienda\",\"item\":\"https:\/\/sensexx.mx\/tienda\/tienda\/\"},{\"@type\":\"ListItem\",\"position\":3,\"name\":\"FETISH FANTASY SERIES FIRST TIMERS STRAP-ON SET \u2013 PURPLE\"}]},{\"@type\":\"WebSite\",\"@id\":\"https:\/\/sensexx.mx\/tienda\/#website\",\"url\":\"https:\/\/sensexx.mx\/tienda\/\",\"name\":\"Sensexx\",\"description\":\"Importadora y Distribuidora \",\"publisher\":{\"@id\":\"https:\/\/sensexx.mx\/tienda\/#organization\"},\"potentialAction\":[{\"@type\":\"SearchAction\",\"target\":{\"@type\":\"EntryPoint\",\"urlTemplate\":\"https:\/\/sensexx.mx\/tienda\/?s={search_term_string}\"},\"query-input\":{\"@type\":\"PropertyValueSpecification\",\"valueRequired\":true,\"valueName\":\"search_term_string\"}}],\"inLanguage\":\"es\"},{\"@type\":\"Organization\",\"@id\":\"https:\/\/sensexx.mx\/tienda\/#organization\",\"name\":\"Sensexx\",\"url\":\"https:\/\/sensexx.mx\/tienda\/\",\"logo\":{\"@type\":\"ImageObject\",\"inLanguage\":\"es\",\"@id\":\"https:\/\/sensexx.mx\/tienda\/#\/schema\/logo\/image\/\",\"url\":\"https:\/\/sensexx.mx\/tienda\/wp-content\/uploads\/2019\/06\/Logotipo-oficial.png\",\"contentUrl\":\"https:\/\/sensexx.mx\/tienda\/wp-content\/uploads\/2019\/06\/Logotipo-oficial.png\",\"width\":3386,\"height\":1741,\"caption\":\"Sensexx\"},\"image\":{\"@id\":\"https:\/\/sensexx.mx\/tienda\/#\/schema\/logo\/image\/\"}}]}<\/script>\n<!-- \/ Yoast SEO plugin. -->","yoast_head_json":{"title":"FETISH FANTASY SERIES FIRST TIMERS STRAP-ON SET \u2013 PURPLE - Sensexx","robots":{"index":"index","follow":"follow","max-snippet":"max-snippet:-1","max-image-preview":"max-image-preview:large","max-video-preview":"max-video-preview:-1"},"canonical":"https:\/\/sensexx.mx\/tienda\/producto\/fetish-fantasy-series-first-timers-strap-on-set-purple\/","og_locale":"es_ES","og_type":"article","og_title":"FETISH FANTASY SERIES FIRST TIMERS STRAP-ON SET \u2013 PURPLE - Sensexx","og_description":"Arn\u00e9s ajustable con dildo de tama\u00f1o discreto.     &nbsp;","og_url":"https:\/\/sensexx.mx\/tienda\/producto\/fetish-fantasy-series-first-timers-strap-on-set-purple\/","og_site_name":"Sensexx","og_image":[{"width":1487,"height":2800,"url":"https:\/\/sensexx.mx\/tienda\/wp-content\/uploads\/2019\/06\/pd2197-12.jpg","type":"image\/jpeg"}],"twitter_card":"summary_large_image","schema":{"@context":"https:\/\/schema.org","@graph":[{"@type":"WebPage","@id":"https:\/\/sensexx.mx\/tienda\/producto\/fetish-fantasy-series-first-timers-strap-on-set-purple\/","url":"https:\/\/sensexx.mx\/tienda\/producto\/fetish-fantasy-series-first-timers-strap-on-set-purple\/","name":"FETISH FANTASY SERIES FIRST TIMERS STRAP-ON SET \u2013 PURPLE - Sensexx","isPartOf":{"@id":"https:\/\/sensexx.mx\/tienda\/#website"},"primaryImageOfPage":{"@id":"https:\/\/sensexx.mx\/tienda\/producto\/fetish-fantasy-series-first-timers-strap-on-set-purple\/#primaryimage"},"image":{"@id":"https:\/\/sensexx.mx\/tienda\/producto\/fetish-fantasy-series-first-timers-strap-on-set-purple\/#primaryimage"},"thumbnailUrl":"https:\/\/sensexx.mx\/tienda\/wp-content\/uploads\/2019\/06\/pd2197-12.jpg","datePublished":"2019-06-18T15:59:56+00:00","breadcrumb":{"@id":"https:\/\/sensexx.mx\/tienda\/producto\/fetish-fantasy-series-first-timers-strap-on-set-purple\/#breadcrumb"},"inLanguage":"es","potentialAction":[{"@type":"ReadAction","target":["https:\/\/sensexx.mx\/tienda\/producto\/fetish-fantasy-series-first-timers-strap-on-set-purple\/"]}]},{"@type":"ImageObject","inLanguage":"es","@id":"https:\/\/sensexx.mx\/tienda\/producto\/fetish-fantasy-series-first-timers-strap-on-set-purple\/#primaryimage","url":"https:\/\/sensexx.mx\/tienda\/wp-content\/uploads\/2019\/06\/pd2197-12.jpg","contentUrl":"https:\/\/sensexx.mx\/tienda\/wp-content\/uploads\/2019\/06\/pd2197-12.jpg","width":1487,"height":2800},{"@type":"BreadcrumbList","@id":"https:\/\/sensexx.mx\/tienda\/producto\/fetish-fantasy-series-first-timers-strap-on-set-purple\/#breadcrumb","itemListElement":[{"@type":"ListItem","position":1,"name":"Portada","item":"https:\/\/sensexx.mx\/tienda\/"},{"@type":"ListItem","position":2,"name":"Tienda","item":"https:\/\/sensexx.mx\/tienda\/tienda\/"},{"@type":"ListItem","position":3,"name":"FETISH FANTASY SERIES FIRST TIMERS STRAP-ON SET \u2013 PURPLE"}]},{"@type":"WebSite","@id":"https:\/\/sensexx.mx\/tienda\/#website","url":"https:\/\/sensexx.mx\/tienda\/","name":"Sensexx","description":"Importadora y Distribuidora ","publisher":{"@id":"https:\/\/sensexx.mx\/tienda\/#organization"},"potentialAction":[{"@type":"SearchAction","target":{"@type":"EntryPoint","urlTemplate":"https:\/\/sensexx.mx\/tienda\/?s={search_term_string}"},"query-input":{"@type":"PropertyValueSpecification","valueRequired":true,"valueName":"search_term_string"}}],"inLanguage":"es"},{"@type":"Organization","@id":"https:\/\/sensexx.mx\/tienda\/#organization","name":"Sensexx","url":"https:\/\/sensexx.mx\/tienda\/","logo":{"@type":"ImageObject","inLanguage":"es","@id":"https:\/\/sensexx.mx\/tienda\/#\/schema\/logo\/image\/","url":"https:\/\/sensexx.mx\/tienda\/wp-content\/uploads\/2019\/06\/Logotipo-oficial.png","contentUrl":"https:\/\/sensexx.mx\/tienda\/wp-content\/uploads\/2019\/06\/Logotipo-oficial.png","width":3386,"height":1741,"caption":"Sensexx"},"image":{"@id":"https:\/\/sensexx.mx\/tienda\/#\/schema\/logo\/image\/"}}]}},"jetpack_sharing_enabled":true,"_links":{"self":[{"href":"https:\/\/sensexx.mx\/tienda\/wp-json\/wp\/v2\/product\/491","targetHints":{"allow":["GET"]}}],"collection":[{"href":"https:\/\/sensexx.mx\/tienda\/wp-json\/wp\/v2\/product"}],"about":[{"href":"https:\/\/sensexx.mx\/tienda\/wp-json\/wp\/v2\/types\/product"}],"replies":[{"embeddable":true,"href":"https:\/\/sensexx.mx\/tienda\/wp-json\/wp\/v2\/comments?post=491"}],"wp:featuredmedia":[{"embeddable":true,"href":"https:\/\/sensexx.mx\/tienda\/wp-json\/wp\/v2\/media\/492"}],"wp:attachment":[{"href":"https:\/\/sensexx.mx\/tienda\/wp-json\/wp\/v2\/media?parent=491"}],"wp:term":[{"taxonomy":"product_brand","embeddable":true,"href":"https:\/\/sensexx.mx\/tienda\/wp-json\/wp\/v2\/product_brand?post=491"},{"taxonomy":"product_cat","embeddable":true,"href":"https:\/\/sensexx.mx\/tienda\/wp-json\/wp\/v2\/product_cat?post=491"},{"taxonomy":"product_tag","embeddable":true,"href":"https:\/\/sensexx.mx\/tienda\/wp-json\/wp\/v2\/product_tag?post=491"}],"curies":[{"name":"wp","href":"https:\/\/api.w.org\/{rel}","templated":true}]}}